569*w + 2340 = v*w. What is the hundreds digit of w?
5
Let v be (-486)/4*40/30. Let w = 72 + v. Let i = w + 205. What is the units digit of i?
5
Let i(y) = -2*y**3 + y**2 + 1. Let k be i(-2). Let h be (-30)/(-81)*k - 6/(-27). Suppose 5*r - 268 = -h. What is the units digit of r?
2
Suppose -2*c + 22 = c - 4*d, -4*c - 4 = 3*d. Suppose -3*a - 2*q = -690, 5*a = q + c*q + 1169. What is the tens digit of a?
3
Suppose -62*s + 1381235 = -817409. What is the thousands digit of s?
5
Let x = -93 - -289. What is the units digit of 28/(-42) - (x/(-6) + 1)?
1
Let s be ((-32)/(-12))/((-4)/(-5046)). Suppose 2*x - v - s = 0, 10*x - 14*x = 3*v - 6708. What is the thousands digit of x?
1
Suppose -4*q + 72*u = 69*u - 31217, 2*u = -5*q + 39050. What is the thousands digit of q?
7
Let q be ((-13)/3)/(1/(-3)). Let h = 15 - q. Suppose -h*a + 148 = -176. What is the hundreds digit of a?
1
Let s(b) = -18*b - 8. Let f(j) = j**3 - 14*j**2 - 15*j. Let w be f(15). Suppose -2*r + w*r + 2*o = 14, -5*r - 5*o = 35. What is the units digit of s(r)?
8
Let l(d) = 25*d - 88. Let b be l(-9). Let u = b - -364. What is the tens digit of u?
5
Suppose -208910 = -43200*h + 43187*h. What is the ten thousands digit of h?
1
Suppose -101180 - 456208 = -31*c + 134191. What is the tens digit of c?
0
Let a be -2*(0 - 4/8). Let y(j) = 9*j - 20*j - 1 + 12*j + 44*j**3. What is the tens digit of y(a)?
4
Let g(q) = -52*q + 32. Let o be g(-10). Let j(y) = y**2 - 15*y + 30. Let d be j(13). Suppose o = d*v - 48. What is the hundreds digit of v?
1
Let d = 27 + -22. Suppose 5*p = -4*b + 23, d*p - 12 - 29 = 2*b. Suppose -2*o = -p*o + 190. What is the tens digit of o?
3
Let v(o) = 110*o + 1010. Let t(l) = 5*l + 46. Let y(n) = -90*t(n) + 4*v(n). What is the tens digit of y(-24)?
4
Let f(c) be the first derivative of -c**4/4 - 6*c**3 - 17*c**2/2 - 81*c + 162. What is the hundreds digit of f(-19)?
6
Suppose -20*o + 340119 = -12*o + 11*o. What is the units digit of o?
1
Let p be (-13240)/(-28) + (-4)/(-28). Let j = 874 - p. What is the hundreds digit of j?
4
Suppose 10392 = 5*z + 2*h - 51340, 0 = 2*z + 4*h - 24712. What is the units digit of z?
4
Suppose -15377 + 46068 = 3*t - 4*q, 0 = -4*t - 4*q + 40940. What is the hundreds digit of t?
2
Suppose b + 6842 = 2*b + 5*n, 2*b - 13712 = 4*n. What is the thousands digit of b?
6
Let m = -210 + 223. Let s(w) = w**2 - w + 9. What is the units digit of s(m)?
5
Suppose 20 = 52*j - 56*j, 5*j = -3*z - 1. What is the hundreds digit of (67800/80)/(6/z)?
1
Suppose -6*n + 599850 = 19*n + 18*n. What is the units digit of n?
0
Suppose 74826 - 66913 = -51*a + 554480. What is the hundreds digit of a?
7
Let a = -2633 + 8763. What is the units digit of a?
0
Suppose 19*n = 11*n + 5784. Let j = -361 + n. What is the tens digit of j?
6
Let g(c) = c**2 - 5 - 5 + 13*c - 17*c. Let r be g(6). Suppose 5*x + 4*l - 575 = r*x, 2*l = 5*x - 915. What is the hundreds digit of x?
1
Let j be ((-4)/12)/(1/(-141)). Suppose -p = -2*q - 20, -4 = -2*p - 4*q + 20. Let v = p + j. What is the tens digit of v?
6
Suppose -79 = -11*g - 24. Let m = 4 - g. What is the hundreds digit of (-12 + -211)*(0 + m)?
2
Suppose 0 = -48*d + 167363 + 14845. What is the tens digit of d?
9
Let k(r) = 3*r**3 - 36*r**2 - 118*r + 115. What is the tens digit of k(27)?
3
Let i(m) be the first derivative of -m**3/3 - 4*m**2 + 12*m + 23. What is the tens digit of i(-8)?
1
Let w = -6108 + 4362. Let r = w + 2519. What is the tens digit of r?
7
Suppose -18 = 5*q - 38. Let h(b) = 6 + 5 + q - 6 + 5*b. What is the units digit of h(16)?
9
Suppose 0 = 2*u - 3*y - 336, -2*u - 3*u = y - 806. Suppose 2285 = 167*m - u*m. What is the tens digit of m?
5
What is the tens digit of (-42204)/10*(-240)/96?
5
Suppose q + 5*u = 13, -2*q + 7*q + 70 = 2*u. Let m be 39*((-3)/6)/((-3)/q). Let f = m - -165. What is the units digit of f?
7
Suppose 13*a + 1395 = -13373. Let b = a - -2355. What is the units digit of b?
9
Let r(z) = 2*z**2 + 15*z - 26. Let l be r(8). Suppose 0 = 4*m - l + 66. Suppose -94 = -5*a - m. What is the units digit of a?
1
Let u(s) = s**3 - 22*s**2 + 38*s + 42. Let w be u(20). Suppose -6*g + 2*g = -4*h - 1648, h = -w*g + 839. What is the hundreds digit of g?
4
Let z = 51 - 51. Suppose z = 5*s - 2*o - 1062 - 309, 3*o + 1374 = 5*s. Suppose -686 + s = -4*v + 3*x, 0 = 3*v + x - 300. What is the units digit of v?
1
What is the hundreds digit of 41088/(-10)*-3 + (-26)/65?
3
Suppose c - 3*c = 5*c. Suppose -84*k + 89*k - 220 = c. Suppose -k*b = -49*b + 40. What is the units digit of b?
8
Let z(t) = -8*t - 28. Let d be z(-2). What is the units digit of 3590/6 + d/(-18)?
9
Suppose 18743 = 4*j + 4*w - 27021, -4*w = -j + 11461. What is the thousands digit of j?
1
Suppose 0 = -2*o + 4*u - u + 27, 4*u + 50 = 5*o. Suppose -o*t + 64 = -5*t. Suppose 5*l = m - t, m + l = 3*l + 76. What is the units digit of m?
4
Let r(a) = 84*a**2 + 38*a - 176. What is the ten thousands digit of r(-22)?
3
Let o be (-763)/(-84) - 1/12. Let n(h) = h**2 - 19. What is the tens digit of n(o)?
6
Suppose -13*f + 14*f = 0. Suppose 3*c = 5*h - 6, -h + 10 = -f*h - 5*c. Suppose -6*v + 4*v + 3*r + 98 = h, 4*r = -16. What is the units digit of v?
3
Let z(j) = -j**3 + 17*j**2 + 18. Let k be z(17). Let n be 4/k - (8214/27 - 1). What is the tens digit of (-4)/18 + 0 - n/27?
1
Let i be (-60)/14*14/(-4). Let o = 118 + i. What is the hundreds digit of o?
1
Suppose -4*z + 2 = -2*k, 5*z + 5*k + 5 = 45. Suppose -z*v + 0*v - 2836 = -4*p, 0 = -3*p + v + 2127. What is the hundreds digit of p?
7
Let y = -19 + 43. What is the units digit of -7*y/14*-1?
2
Suppose -106805 = -26*i + 64457. What is the tens digit of i?
8
Let h = 13555 - -2420. What is the tens digit of h?
7
Let q = 47 + 97. Let a = q - -29. What is the hundreds digit of a?
1
Suppose t - 17*y = -21*y + 9215, 5*t + 3*y = 46007. What is the tens digit of t?
9
Let r(f) = -f**3 - f**2 + 6*f - 271. Let a be r(0). Let v = 563 + a. What is the units digit of v?
2
Let k be (-18)/4*20/30. What is the tens digit of 13533/(-26)*2/k?
4
What is the hundreds digit of 1 + -1 + 2 - (269838 - 18)/(-30)?
9
Suppose -a = -2, -4*a + 14 + 22 = 4*q. Suppose 2*y + 2700 = q*y. What is the tens digit of y?
4
Let y = -1170 + 1903. Let j = y + -91. What is the tens digit of j?
4
Let r = -36 - -38. What is the units digit of 6895/7*r/5?
4
What is the hundreds digit of (-2572600)/(-160) - (-9)/12*-1?
0
Let g be -1*(-8)/14 - (-5074)/14. Suppose -369*j = -g*j - 5556. What is the units digit of j?
6
Suppose 5*f + 11 - 41 = -3*x, 0 = -x + 2*f - 1. Suppose 610 + 1310 = x*w. What is the units digit of w?
4
Let j(h) = 368*h - 32. Let f be j(-3). Let q = -335 - f. What is the hundreds digit of q?
8
Let l = -10 - -8. Let z = 5 - l. Let a(n) = 10*n - 9. What is the units digit of a(z)?
1
Suppose v - 3 = 13. Let h = v + -23. Let t = h - -66. What is the units digit of t?
9
Let g(k) be the second derivative of 11/3*k**3 - 10*k + 0 + 2*k**2. What is the tens digit of g(2)?
4
Let l = 26 + -14. Suppose -4*s - l*w = -7*w - 1950, 0 = w + 2. What is the tens digit of s?
9
Let t(p) = 12*p + 76. Let k(i) be the third derivative of -i**4/6 - 25*i**3/6 - 3*i**2. Let y(o) = -10*k(o) - 3*t(o). What is the units digit of y(-5)?
2
Suppose 6*v - 8*v - 10 = 0. Let x = v - -10. Suppose 0 = -x*y - 3*o + 125 - 9, -o = 3*y - 72. What is the units digit of y?
5
Suppose 0 = 5*n - 2*k + 192, k + 164 = -0*n - 4*n. Let o = n - -175. What is the hundreds digit of o?
1
What is the ten thousands digit of 4/(-16) - ((-47)/(-235))/((-4)/210785)?
1
Let b(s) = 2*s**2 + 5*s. Let a be b(-4). Suppose a*v - 17*v = -35. Suppose -z + v = -45. What is the units digit of z?
2
Let y be -3*(3 - (-84)/(-27))*3. Let u be (-3 + y + 5 + -2)*2. Suppose -5*l + u*l + 132 = 0. What is the tens digit of l?
4
Let h = 6784 - 3176. What is the thousands digit of h?
3
Suppose 0 = 2*p + 18 + 6. Let k be (25/50)/((-2)/p). Suppose 3*l = -r + 57, 5 + 1 = -k*l. What is the tens digit of r?
6
What is the units digit of -3334*(-429)/154 + 10/7 + -2?
7
Let r be 1/3*(-2 - -14). Suppose -2*j - r*m = -7*j + 40, 5*m + 33 = 2*j. Suppose 100 = j*f - 268. What is the tens digit of f?
9
Suppose -2*v + 668 = -4*w, 2*w - 2*v + 328 = 2*v. Let a(o) = -o**3 - 5*o**2 - 12*o - 19. Let y be a(-8). Let f = w + y. What is the units digit of f?
1
Supp